alculate the remainder when d is divided by h.
16
Let h(s) = 78*s**2 - 3*s + 2. Calculate the remainder when h(1) is divided by 27.
23
Suppose 5*a - 10 = 0, 2*a + 2*a = k - 3. Calculate the remainder when 42 is divided by k.
9
Suppose -4*t - t + 65 = 0. Calculate the remainder when 25 is divided by t.
12
Let q = -17 + 11. Let u = q - -3. Calculate the remainder when 40 is divided by (-41)/u - 4/(-12).
12
Let c be 0 - 2 - (3 + -15). Calculate the remainder when 10 is divided by (-18)/c*40/(-12).
4
Let s be (-4)/14 + (-48)/(-21). Suppose s*z + 5*p = 45, 0*z + 2*p = -3*z + 51. What is the remainder when z is divided by 9?
6
Let l(n) = 4*n**2 - 3*n + 2. Calculate the remainder when l(4) is divided by 7.
5
Let l(h) = h**2 + h + 1. Let i be (-3 + 0/(-2))*1. Calculate the remainder when 13 is divided by l(i).
6
Suppose 0 = -3*c + 39 - 12. Calculate the remainder when (-101)/(-4) - (-1)/(-4) is divided by c.
7
Let p = -7 - -2. Let w(t) = -t - 9. Let b be w(p). Calculate the remainder when -122*-2*(-1)/b is divided by 21.
19
What is the remainder when 31 + 1 + -2 + 1 is divided by 11?
9
Suppose -66 = -4*j - 3*q, -5*j = -2*q - 38 - 33. What is the remainder when j is divided by 4?
3
Let u be (-8 - -3) + 1*2. Suppose -5*w = -c + 9, -5*c + 7*w + 66 = 3*w. What is the remainder when u*(106/(-3))/2 is divided by c?
11
Let c = 117 - 81. Suppose -48 = -7*t + 267. Suppose -4*l + t + 7 = 0. What is the remainder when c is divided by l?
10
Suppose 3*g = 2*t - 9 - 10, g = -4*t + 17. Suppose -25 = -3*h - j, -6*j + 47 = t*h - 7*j. What is the remainder when 17 is divided by h?
8
Suppose 0 = -5*l + 5*v + 145, -16 - 9 = 5*v. Calculate the remainder when 68 is divided by l.
20
Suppose -2*l + 41 = -3*r, l + 3*r + 3 = 1. What is the remainder when 36 is divided by l?
10
Suppose -65 = -5*q - 4*u - 0*u, -34 = -q - 5*u. What is the remainder when 25 is divided by q?
7
Suppose 0 = -5*q + b + 11, 2*q + b = 3*q + 1. Let t = 26 + -16. What is the remainder when t is divided by q?
1
Let g = -66 + 119. Suppose -4*k = 4*m - 96, -3*k = -5*k - 3*m + g. What is the remainder when k is divided by 12?
7
Suppose -5*x - 5*r + 1 - 16 = 0, -5*x - 2*r - 3 = 0. Calculate the remainder when 3 is divided by x.
0
Suppose 11 = -4*o - 5*s, 0*o - 1 = 2*o + s. Suppose 6*g - g - 24 = -3*u, 0 = 3*u + 2*g - 15. What is the remainder when u is divided by o?
0
Let y = 1 - 0. Let j(d) be the first derivative of d**4/4 - d**3 - 3*d**2/2 - 2*d - 2. What is the remainder when j(4) is divided by y?
0
Suppose 2*m = -10, -20*z + 24*z = -3*m + 101. Let p = 3 + 2. Calculate the remainder when z is divided by (-2)/p - 82/(-5).
13
Let o = -14 - -32. Calculate the remainder when 51 is divided by o.
15
Let r = 147 - 86. What is the remainder when r is divided by 13?
9
What is the remainder when 6 is divided by (-2)/3*(-9)/2?
0
Let v be 3*1*(1 + 0). Let a(u) = -u**2 + 5*u. Let m be a(4). Suppose 0 = v*z + f - 13, -2*z = -3*z - m*f + 8. What is the remainder when 11 is divided by z?
3
Let k(h) = 8*h - 2. What is the remainder when 25 is divided by k(2)?
11
Let j(f) = -7*f + 35. What is the remainder when 52 is divided by j(3)?
10
Suppose 16 + 14 = 2*k. Calculate the remainder when k is divided by 2.
1
Let t be -1 + (0 - 1) + 102. Suppose 2*y = 0, -5*o + t = -y - y. Let v = -5 - -12. What is the remainder when o is divided by v?
6
Suppose 5*h - 2 = 78. Suppose 59 = 5*c - h. What is the remainder when -11*(6*-2)/3 is divided by c?
14
Let z(a) = 5*a - 8. Let o(f) = -f. Let v(i) = -6*o(i) - z(i). Let l be v(-6). Suppose 3*y = l*y + 5. Calculate the remainder when 14 is divided by y.
4
What is the remainder when 21 is divided by 0*(-5)/15 - -12?
9
Let t = 7 + -4. Suppose -4*y + 2*v = 0, -8 = -3*y - 4*v + t. Suppose -5*k + 0 + 5 = 0. Calculate the remainder when y is divided by k.
0
Calculate the remainder when (188/(-6))/(7 + (-92)/12) is divided by 16.
15
Suppose -3*h = 3*s - 156, -h + 6*s - 8*s = -50. Calculate the remainder when h is divided by 21.
12
Suppose -210 = -3*r - 0*r. Let i = 1106 - 1088. Calculate the remainder when r is divided by i.
16
Let c(n) be the second derivative of -n**4/12 + 2*n. Let v be c(-3). Let f = -4 - v. Calculate the remainder when 9 is divided by f.
4
Let h = 113 - 95. Calculate the remainder when 125 is divided by h.
17
Let f(d) = d + 9. Let w(r) = 8*r. Let s be w(1). Calculate the remainder when 33 is divided by f(s).
16
Suppose 5*y + 45 + 10 = 2*d, 3*y + 90 = 5*d. Calculate the remainder when 45 is divided by ((-16)/(-10))/(2/d).
9
Let b(m) = m**2 - 5*m + 13. Suppose -4*n = -7*f + 4*f + 2, 5*n = -f + 26. Calculate the remainder when 36 is divided by b(f).
17
Let s(v) = v**3 + 5*v**2 - 1. Let g be s(-6). Let o = -32 - g. Suppose 4*k + 37 = 3*j, 20 = 4*k - 0*k. Calculate the remainder when j is divided by o.
4
Let t(l) = -13*l - 1. Suppose 2*d = -3*d - 5. Let x be t(d). Suppose -3*k - x = -36. What is the remainder when k is divided by 5?
3
Let y(c) = c**2 - 9*c + 4. What is the remainder when 10 is divided by y(9)?
2
Let z = 11 + -7. Suppose -5 = -4*h - z*m + 7, 4*m - 22 = h. Calculate the remainder when (h/(-4))/(5/10) is divided by 1.
0
Suppose 0 = -m - h + 5, -2*h = 4*m - 0*m - 16. Calculate the remainder when (3/m)/((-2)/(-46)) is divided by 12.
11
Suppose -45 = 3*l + h, 0*l + 5*h = -3*l - 57. Calculate the remainder when 11 is divided by (-4)/l + (-38)/(-14).
2
Let y(x) = x**3 + 10*x**2 + 6*x - 8. Let k = 34 - 29. What is the remainder when y(-9) is divided by k?
4
Let b(o) = o**3 + 11*o**2 - 11*o + 16. Calculate the remainder when 7 is divided by b(-12).
3
Let a(q) = q**2 + q - 4. Let u be a(3). Suppose 3*i = u*i. Suppose -4*o + 2*m + 30 = i, 4*m - 20 = -0*m. What is the remainder when o is divided by 6?
4
Suppose l - 5*l + 4*b = -40, -5*l - 4*b = -14. Calculate the remainder when (-2)/l - 507/(-9) is divided by (-1)/(-1)*(-38)/(-2).
18
Suppose 12 = 5*t + f - 24, 0 = t - 4*f - 3. Suppose -2*g = -5 - t. Calculate the remainder when g is divided by (4 + 2)/(6/4).
2
Let d(a) = -5*a**3 - 1. Let y(n) = n + 3. Let z be y(-4). What is the remainder when 6 is divided by d(z)?
2
Suppose 3*f + 14 - 38 = 0. Suppose -3*h - 2*h + 14 = 2*p, 0 = 2*p + 4*h - 12. Calculate the remainder when f is divided by p.
0
Let q(g) = g**3 + 3*g**2 - g + 2. Let f be q(-2). Calculate the remainder when 4 is divided by (-11)/(-4) + 2/f.
1
Let r = -2 - -5. Suppose r = 5*y + 8. Calculate the remainder when y + (4 - -3) + 3 is divided by 3.
0
Let a(q) = -2*q + 3*q + 0 + 4 + 59*q**2 - 3. Calculate the remainder when a(-1) is divided by 20.
19
Let f = -33 + 14. Let o = -15 - f. Calculate the remainder when 4 is divided by o.
0
Let j(p) = -3*p. Let i be j(-1). Suppose 8 + 19 = i*f. What is the remainder when 17 is divided by f?
8
Let a(q) = q**3 + 5*q**2 + 3*q. Suppose 5*p = 2 + 13. Suppose -f = -4*r + 11, p*f - 7*f = 5*r + 2. Calculate the remainder when a(-4) is divided by r.
0
Suppose -y + 54 = 5*y. Calculate the remainder when 9 is divided by y.
0
Let v(t) = -t**3 - 4*t**2 + t - 7. Let k be (4 + 13/(-2))*2. What is the remainder when 37 is divided by v(k)?
11
Suppose 57 = 5*o - 2*w, 4*o = -3*w + 27 + 37. Calculate the remainder when 29 is divided by o.
3
Let d(v) = 19*v**2 - 3*v + 3. Let o be d(2). Suppose 2*c + 3*x - 20 = 0, x = 5*c - 3*x - o. Calculate the remainder when c is divided by 8.
5
Let u = 2 + 5. Let t = -29 + 31. What is the remainder when u is divided by t?
1
Calculate the remainder when 210 is divided by (-1)/(-4*4/1136).
68
Let c = -15 + 26. Calculate the remainder when c is divided by 6.
5
Suppose -5*w - l + 10 = 0, -l + 4 = 2*w + 3*l. What is the remainder when 6 is divided by w/(-7) + (-60)/(-14)?
2
Let p(d) = d**3 - 5*d**2 + 2*d - 5. Calculate the remainder when 13 is divided by p(5).
3
Let n = 10 + -8. Let d(v) = 16*v - 3. Let s be d(n). Let j = s + -16. What is the remainder when 38 is divided by j?
12
Suppose -4*y = 2*m + 4 - 6, 7 = m - 4*y. Suppose 5*r - m*r = 16. Let c(j) = j**2 + 2*j - 5. What is the remainder when r is divided by c(-4)?
2
Let q(u) = 7 + 2*u - 2*u + u. What is the remainder when (-4)/18 + (-728)/(-36) is divided by q(0)?
6
Suppose -88 = -4*p - 0. What is the remainder when 85 is divided by p?
19
Suppose 0 = -3*x - 4*t + 8, 2*t - 6 = -2. Suppose -5*v + 6 + 4 = x. Supp